*r**2 + 181*r + 140. Give i(46).
2
Let w(r) = -r**3 + 42*r**2 - 164*r + 195. Give w(38).
-261
Let z(a) = 28*a - 2607. Calculate z(92).
-31
Let a(k) = k**2 - 7*k + 7. Determine a(14).
105
Let d(u) = -402*u - 12. Determine d(0).
-12
Let x(z) = z**3 - 24*z**2 + 5*z - 173. Calculate x(24).
-53
Let z(j) = j**3 + 81*j**2 - 6*j - 491. What is z(-81)?
-5
Let i(f) = f**3 - 58*f**2 + 18*f + 8073. What is i(55)?
-12
Let t(f) = 3*f**2 - 104*f + 454. Give t(25).
-271
Let c(l) = -2*l**3 + 10*l**2 - 4*l - 15. Determine c(5).
-35
Let p(l) = l**3 + 26*l**2 + 33*l + 177. Give p(-25).
-23
Let y(v) = -18*v**2 + 8*v - 8. Determine y(-3).
-194
Let w(q) = q**2 - 41*q + 117. Give w(28).
-247
Let p(d) = -67*d - 1862. Determine p(-30).
148
Let k(n) = 380*n + 14447. Determine k(-38).
7
Let x(i) = -229*i - 913. Calculate x(-4).
3
Let t(o) = -60*o**2 - 114*o - 4. Determine t(-2).
-16
Let x(w) = 85*w**2 - 14*w + 18. What is x(3)?
741
Let z(g) = -104*g + 4260. What is z(41)?
-4
Let p(v) = -48*v + 3669. Calculate p(77).
-27
Let a(f) = 30*f + 20. What is a(2)?
80
Let f(u) = -2*u**2 - 94*u - 462. Give f(-5).
-42
Let l(f) = -375*f - 4506. Determine l(-12).
-6
Let k(t) = 23*t - 707. Give k(30).
-17
Let r(d) = -d**3 + 93*d**2 - 3*d + 292. Calculate r(93).
13
Let z(w) = 110*w + 8978. Give z(-82).
-42
Let i(h) = 27*h + 551. Determine i(-15).
146
Let m(n) = 109*n + 437. What is m(-4)?
1
Let x(w) = w**3 - 4*w**2 - 71*w + 17. What is x(10)?
-93
Let i(k) = -k**3 + 5*k**2 + 9*k - 16. Determine i(6).
2
Let j(f) = -99*f**3 + 393*f**2 - 10*f + 52. Calculate j(4).
-36
Let y(t) = 5605*t - 27960. Determine y(5).
65
Let n(b) = -b**3 - 12*b**2 + 28*b - 4. What is n(-14)?
-4
Let n(p) = p**3 + 29*p**2 + 15*p + 36. What is n(-4)?
376
Let u(h) = h**3 + 7*h**2 - 34*h - 73. What is u(-11)?
-183
Let x(p) = 4*p**2 - 6*p - 11. What is x(4)?
29
Let l(f) = 3*f**2 + 18*f + 8. Determine l(-4).
-16
Let m(f) = -f**3 - 230*f**2 + 689*f - 2294. Determine m(-233).
36
Let a(y) = -60*y - 758. Determine a(-18).
322
Let i(o) = o**3 - 20*o**2 + 31*o + 60. Determine i(18).
-30
Let l(a) = a**2 - 125*a - 3409. What is l(148)?
-5
Let i(m) = m**3 + 7*m**2 - 22*m + 45. What is i(-7)?
199
Let v(z) = 23*z**3 + 14. What is v(2)?
198
Let k(n) = n**3 - 81*n**2 + 67*n + 1034. Calculate k(80).
-6
Let j(f) = f**3 + 24*f**2 + 64*f - 17. Give j(-20).
303
Let p(w) = -8*w + 341. Calculate p(37).
45
Let z(x) = 173*x - 1390. Give z(8).
-6
Let l(d) = 240*d - 6956. What is l(29)?
4
Let c(x) = x**3 - 88*x**2 - 107*x + 9450. Determine c(88).
34
Let f(m) = m**3 + 69*m**2 + 1122*m + 161. Give f(-43).
-11
Let d(n) = -40*n - 25. What is d(-1)?
15
Let z(g) = -531*g - 7991. What is z(-15)?
-26
Let t(v) = 104*v + 997. Determine t(-8).
165
Let a(s) = -3*s**3 + 15*s**2 - 120*s + 49. What is a(5)?
-551
Let f(v) = -v**2 + 221*v + 6920. Determine f(-28).
-52
Let q(w) = -4*w**3 + 11*w**2 - 22*w + 10. Calculate q(1).
-5
Let g(z) = -5*z**2 - 14*z - 2. Give g(5).
-197
Let o(a) = a**2 - 49*a - 1036. Calculate o(65).
4
Let r(z) = 266*z - 3100. Calculate r(12).
92
Let j(z) = -5*z - 220. What is j(-22)?
-110
Let z(m) = -270*m + 1623. Calculate z(6).
3
Let b(h) = -2*h**2 + 76*h + 355. Calculate b(42).
19
Let k(l) = 12*l + 132. Give k(-25).
-168
Let c(o) = -3*o**2 - 33*o - 8. What is c(-16)?
-248
Let f(w) = w**2 + 40*w - 659. Determine f(13).
30
Let x(j) = -131*j - 646. Give x(-2).
-384
Let i(x) = 120*x + 1899. Give i(-16).
-21
Let g(z) = 4*z**2 - 93*z + 531. What is g(13)?
-2
Let f(g) = -3*g**2 + 158*g + 47. Give f(51).
302
Let g(k) = 2*k**3 + k - 1. Calculate g(-1).
-4
Let s(l) = 9*l**2 - 1353*l + 421. Give s(150).
-29
Let v(m) = 4*m + 915. Give v(33).
1047
Let i(h) = 7*h + 50. Determine i(-1).
43
Let n(i) = 428*i - 11122. Determine n(26).
6
Let o(c) = -50*c - 571. What is o(-15)?
179
Let g(d) = -d**3 - 55*d**2 + 90*d + 1899. Give g(-56).
-5
Let c(t) = -3*t**2 + 79*t - 52. Give c(34).
-834
Let o(q) = 37*q - 192. Calculate o(9).
141
Let c(y) = 8*y**2 + 158*y + 87. Give c(-19).
-27
Let g(n) = -154*n - 853. Determine g(-6).
71
Let o(p) = p**3 + 19*p**2 + 8*p - 53. Calculate o(-18).
127
Let x(i) = -2*i**3 + 26*i**2 - 29*i + 17. Calculate x(11).
182
Let v(b) = -1193*b - 4781. Calculate v(-4).
-9
Let w(v) = 52*v - 477. Calculate w(9).
-9
Let z(b) = 6*b**3 + 5*b**2 - 8*b. Determine z(2).
52
Let s(f) = -209*f + 319. Give s(3).
-308
Let m(z) = z**2 + 61*z + 289. Determine m(-56).
9
Let s(u) = 20*u + 287. What is s(-11)?
67
Let g(q) = 98*q + 1177. What is g(-12)?
1
Let t(s) = 1446*s + 5791. What is t(-4)?
7
Let p(y) = y**3 - 16*y**2 + 429*y + 10. What is p(0)?
10
Let v(f) = -797*f - 7985. Determine v(-10).
-15
Let p(g) = -115*g + 26089. Determine p(227).
-16
Let c(h) = h**3 + 18*h**2 - 141*h - 67. Determine c(-24).
-139
Let g(x) = x**2 + 44*x - 263. Give g(5).
-18
Let j(b) = b**3 + 11*b**2 - 31*b - 256. Give j(-12).
-28
Let o(c) = -c**3 + 22*c + 24. Calculate o(-5).
39
Let i(l) = -14*l**2 - 394*l - 40. Give i(-28).
16
Let y(r) = -229*r + 4. Give y(-1).
233
Let k(m) = m**3 - 22*m**2 - 62*m - 320. Calculate k(25).
5
Let o(w) = -7*w + 244. What is o(21)?
97
Let j(n) = -15*n**3 - 2*n**2 - 273*n - 272. Give j(-1).
14
Let x(g) = -g**3 + 15*g**2 - 58*g + 39. What is x(5)?
-1
Let q(l) = -3*l**3 - 5*l**2 - 4*l - 2. Give q(-4).
126
Let q(j) = -j**3 - 27*j**2 + 199*j + 53. Give q(-33).
20
Let v(r) = 351*r**2 - 10*r - 10. Give v(-1).
351
Let x(a) = -a**3 + 12*a**2 - 25*a - 3. What is x(11)?
-157
Let j(i) = -i**2 - 22*i - 89. Give j(-6).
7
Let l(d) = 4*d**2 + 218*d - 103. Give l(-55).
7
Let g(y) = -y**3 - 11*y**2 + 71*y + 153. Determine g(6).
-33
Let u(j) = 4*j + 3. Give u(0).
3
Let o(t) = 2*t**3 + 23*t**2 - 58. Give o(-12).
-202
Let y(v) = -v**3 + 287*v**2 + 1753*v + 6. Determine y(-6).
36
Let l(j) = 4*j**2 - 210*j + 55. Determine l(52).
-49
Let d(i) = -63*i + 4728. What is d(75)?
3
Let m(i) = -5390*i + 10779. Calculate m(2).
-1
Let p(u) = u**2 + 20*u - 4952. What is p(61)?
-11
Let a(z) = 16152*z + 32296. Determine a(-2).
-8
Let f(h) = -2*h**3 + 184*h**2 - 176*h - 601. Determine f(91).
-55
Let g(y) = -670*y + 6710. What is g(10)?
10
Let n(x) = 4*x**2 - 71*x + 795. What is n(14)?
585
Let q(f) = 888*f + 3595. Give q(-4).
43
Let g(a) = 6*a**3 + 475*a**2 + 90*a + 866. Determine g(-79).
-3
Let p(q) = -8*q**2 - 121*q + 10. Determine p(-15).
25
Let k(m) = 3*m**2 - 62*m - 16. Calculate k(15).
-271
Let q(a) = a**2 + 35*a - 320. Determine q(15).
430
Let j(p) = 28*p**2 - 308*p + 10. Determine j(10).
-270
Let h(i) = 5*i**3 - 42*i**2 + 17*i - 4. Determine h(8).
4
Let g(u) = 62*u**3 + 19*u + 17. Give g(-1).
-64
Let f(k) = k**2 - 93*k + 985. Calculate f(12).
13
Let v(k) = -69*k - 452. Determine v(-6).
-38
Let p(f) = -9554*f - 29. Calculate p(0).
-29
Let l(q) = 21*q - 818. Give l(38).
-20
Let n(d) = -d**3 - 25*d**2 - 61*d - 20. Give n(-23).
325
Let i(w) = w**3 - 10*w**2 + 8*w - 66. Calculate i(7).
-157
Let v(y) = 2*y**2 + 26*y + 69. Give v(-12).
45
Let q(f) = f**2 - 42*f + 293. Give q(34).
21
Let s(l) = 2*l**2 - 142*l - 6908. What is s(104)?
-44
Let w(c) = 163*c + 2245. Give w(-14).
-37
Let b(k) = k**2 + 118*k + 3444. Determine b(-53).
-1
Let h(l) = 3*l**3 + 20*l**2 - 33*l - 6. Give h(-8).
2
Let p(c) = -58*c + 347. Give p(9).
-175
Let d(g) = -299*g + 274. Determine d(1).
-25
Let z(a) = -38*a**2 - 4*a - 2. What is z(-1)?
-36
Let f(t) = -132*t - 1865. Determine f(-14).
-17
Let x(k) = -156*k**3 + 2*k - 3. What is x(1)?
-157
Let b(l) = -l**3 - 11*l**2 - 20*l + 4. What is b(0)?
4
Let z(h) = -17*h**2 + 46*h + 28. Give z(4).
-60
Let k(b) = b**2 + 10*b - 70. Give k(-15).
5
Let j(q) = q**3 + 5*q**2 - 30*q + 44. Determine j(-7).
156
Let q(s) = s**3 + 64*s**2 - 96*s + 2466. Give q(-66).
90
Let b(a) = -2*a**3 - 2*a - 8. Determine b(0).
-8
Let t(r) = -4*r**3 - 2*r**2 - 4*r - 10. Determine t(-2).
22
Let g(d) = -93*d + 664. What is g(7)?
13
Let n(w) = 32*w + 1025. Give n(-33).
-31
Let k(z) = -51*z**2 + 2*z - 1. Determine k(-1).
-54
Let j(l) = -2*l**3 + 9*l**2 + 51*l + 48. What is j(-1)?
8
Let z(i) = 74*i**2 - 2884*i - 65. What is z(39)?
13
Let x(y) = y**3 - 143*y**2 + 414*y + 827. What is x(140)?
-13
Let y(l) = -4*l**2 + 108*l - 33. Determine y(24).
255
Let d(c) = 19*c**2 + 42*c + 146. Calculate d(-6).
578
Let i(l) = -21*l - 7. Determine i(-8).
161
Let b(s) = 586*s - 6448. Give b(11).
-2
Let m(b) = 1708*b +